{"id":47,"date":"2023-12-25T20:50:57","date_gmt":"2023-12-25T20:50:57","guid":{"rendered":"https:\/\/xn--troelstrupgrd-zfb.dk\/?page_id=47"},"modified":"2024-02-07T08:02:45","modified_gmt":"2024-02-07T08:02:45","slug":"vaerd-at-vide","status":"publish","type":"page","link":"https:\/\/xn--troelstrupgrd-zfb.dk\/?page_id=47","title":{"rendered":"V\u00e6rd at vide"},"content":{"rendered":"<p>[et_pb_section fb_built=&#8221;1&#8243; fullwidth=&#8221;on&#8221; _builder_version=&#8221;4.23.1&#8243; background_color=&#8221;#00687f&#8221; global_colors_info=&#8221;{}&#8221;][et_pb_fullwidth_header title=&#8221;Traditioner og arrangementer &#8221; subhead=&#8221;F\u00e6llesarrangementer for alle p\u00e5 g\u00e5rden<br \/>\n&#8221; _builder_version=&#8221;4.16&#8243; title_font=&#8221;||||||||&#8221; background_color=&#8221;rgba(255, 255, 255, 0)&#8221; global_colors_info=&#8221;{}&#8221; button_one_text_size__hover_enabled=&#8221;off&#8221; button_two_text_size__hover_enabled=&#8221;off&#8221; button_one_text_color__hover_enabled=&#8221;off&#8221; button_two_text_color__hover_enabled=&#8221;off&#8221; button_one_border_width__hover_enabled=&#8221;off&#8221; button_two_border_width__hover_enabled=&#8221;off&#8221; button_one_border_color__hover_enabled=&#8221;off&#8221; button_two_border_color__hover_enabled=&#8221;off&#8221; button_one_border_radius__hover_enabled=&#8221;off&#8221; button_two_border_radius__hover_enabled=&#8221;off&#8221; button_one_letter_spacing__hover_enabled=&#8221;off&#8221; button_two_letter_spacing__hover_enabled=&#8221;off&#8221; button_one_bg_color__hover_enabled=&#8221;off&#8221; button_two_bg_color__hover_enabled=&#8221;off&#8221;][\/et_pb_fullwidth_header][\/et_pb_section][et_pb_section fb_built=&#8221;1&#8243; _builder_version=&#8221;4.16&#8243; global_colors_info=&#8221;{}&#8221;][et_pb_row _builder_version=&#8221;4.16&#8243; background_size=&#8221;initial&#8221; background_position=&#8221;top_left&#8221; background_repeat=&#8221;repeat&#8221; custom_padding=&#8221;|||0px||&#8221; global_colors_info=&#8221;{}&#8221;][et_pb_column type=&#8221;4_4&#8243; _builder_version=&#8221;4.16&#8243; custom_padding=&#8221;|||&#8221; global_colors_info=&#8221;{}&#8221; custom_padding__hover=&#8221;|||&#8221;][et_pb_text _builder_version=&#8221;4.16&#8243; background_size=&#8221;initial&#8221; background_position=&#8221;top_left&#8221; background_repeat=&#8221;repeat&#8221; global_colors_info=&#8221;{}&#8221;]<\/p>\n<p><strong>Arbejdsdag i maj<\/strong><\/p>\n<p>Dagen hvor vi i f\u00e6llesskab f\u00e5r luget ud, malet, sorteret, smidt ud m.v. Dagen sluttes af med aftensmad lavet p\u00e5 b\u00e5let.<\/p>\n<p><strong>Sommerfest sidste fredag i august<\/strong><\/p>\n<p>Vores \u00e5rlige sommerfest for alle b\u00f8rn og for\u00e6ldre p\u00e5 g\u00e5rden. I 2023 var vi ca. 400 personer. Vi starter med f\u00e6llesspisning i laden, hvor alle har medbragt en ret til det store f\u00e6lles buffetbord. Efter spisningen \u00e5bner alle boderne, hvor personalet er klar til at underholde store og sm\u00e5.<\/p>\n<p><strong>Sponsorl\u00f8b i september m\u00e5ned<\/strong><\/p>\n<p>Sponsorl\u00f8bet arrangeres af St\u00f8tteforeningen og best\u00e5r af en l\u00f8berute gennem skoven, hvor man for hver l\u00f8bet omgang kan \u201dl\u00f8be penge hjem\u201d til St\u00f8tteforeningen og dermed Troelstrupg\u00e5rd.<\/p>\n<p><strong>Valgaften i l\u00f8bet af efter\u00e5ret, typisk i september eller oktober<\/strong><\/p>\n<p>\u00a0Et udvidet for\u00e6ldrem\u00f8de hvor der afholdes valg til for\u00e6ldrebestyrelsen.<\/p>\n<p><strong>Adventsl\u00f8rdag afholdes l\u00f8rdagen f\u00f8r 1. s\u00f8ndag i advent<\/strong><\/p>\n<p>Adventsl\u00f8rdag er dagen hvor I som familie kan f\u00e5 skudt julen godt i gang med at st\u00f8be lys, lave juledekorationer, bage sm\u00e5kager og meget mere.<\/p>\n<p><strong><\/strong><\/p>\n<p><strong>Koloni<\/strong><\/p>\n<p>B\u00f8rnehaven tager p\u00e5 3 dages koloni i september.<\/p>\n<p>\u00a0Frit\/klub tager p\u00e5 skiferie i uge 7 og koloni i den sidste uge af skolesommerferien.<\/p>\n<p>&nbsp;<\/p>\n<p>&nbsp;<\/p>\n<p>[\/et_pb_text][\/et_pb_column][\/et_pb_row][\/et_pb_section]<\/p>\n","protected":false},"excerpt":{"rendered":"<p>Arbejdsdag i maj Dagen hvor vi i f\u00e6llesskab f\u00e5r luget ud, malet, sorteret, smidt ud m.v. Dagen sluttes af med aftensmad lavet p\u00e5 b\u00e5let. Sommerfest sidste fredag i august Vores \u00e5rlige sommerfest for alle b\u00f8rn og for\u00e6ldre p\u00e5 g\u00e5rden. I 2023 var vi ca. 400 personer. Vi starter med f\u00e6llesspisning i laden, hvor alle har [&hellip;]<\/p>\n","protected":false},"author":1,"featured_media":0,"parent":0,"menu_order":0,"comment_status":"closed","ping_status":"closed","template":"","meta":{"_et_pb_use_builder":"on","_et_pb_old_content":"","_et_gb_content_width":"","footnotes":""},"class_list":["post-47","page","type-page","status-publish","hentry"],"_links":{"self":[{"href":"https:\/\/xn--troelstrupgrd-zfb.dk\/index.php?rest_route=\/wp\/v2\/pages\/47","targetHints":{"allow":["GET"]}}],"collection":[{"href":"https:\/\/xn--troelstrupgrd-zfb.dk\/index.php?rest_route=\/wp\/v2\/pages"}],"about":[{"href":"https:\/\/xn--troelstrupgrd-zfb.dk\/index.php?rest_route=\/wp\/v2\/types\/page"}],"author":[{"embeddable":true,"href":"https:\/\/xn--troelstrupgrd-zfb.dk\/index.php?rest_route=\/wp\/v2\/users\/1"}],"replies":[{"embeddable":true,"href":"https:\/\/xn--troelstrupgrd-zfb.dk\/index.php?rest_route=%2Fwp%2Fv2%2Fcomments&post=47"}],"version-history":[{"count":5,"href":"https:\/\/xn--troelstrupgrd-zfb.dk\/index.php?rest_route=\/wp\/v2\/pages\/47\/revisions"}],"predecessor-version":[{"id":147,"href":"https:\/\/xn--troelstrupgrd-zfb.dk\/index.php?rest_route=\/wp\/v2\/pages\/47\/revisions\/147"}],"wp:attachment":[{"href":"https:\/\/xn--troelstrupgrd-zfb.dk\/index.php?rest_route=%2Fwp%2Fv2%2Fmedia&parent=47"}],"curies":[{"name":"wp","href":"https:\/\/api.w.org\/{rel}","templated":true}]}}

Værd at vide

<p>[et_pb_section fb_built=&#8221;1&#8243; fullwidth=&#8221;on&#8221; _builder_version=&#8221;4.23.1&#8243; background_color=&#8221;#00687f&#8221; global_colors_info=&#8221;{}&#8221;][et_pb_fullwidth_header title=&#8221;Traditioner og arrangementer &#8221; subhead=&#8221;Fællesarrangementer for alle på gården<br />
&#8221; _builder_version=&#8221;4.16&#8243; title_font=&#8221;||||||||&#8221; background_color=&#8221;rgba(255, 255, 255, 0)&#8221; global_colors_info=&#8221;{}&#8221; button_one_text_size__hover_enabled=&#8221;off&#8221; button_two_text_size__hover_enabled=&#8221;off&#8221; button_one_text_color__hover_enabled=&#8221;off&#8221; button_two_text_color__hover_enabled=&#8221;off&#8221; button_one_border_width__hover_enabled=&#8221;off&#8221; button_two_border_width__hover_enabled=&#8221;off&#8221; button_one_border_color__hover_enabled=&#8221;off&#8221; button_two_border_color__hover_enabled=&#8221;off&#8221; button_one_border_radius__hover_enabled=&#8221;off&#8221; button_two_border_radius__hover_enabled=&#8221;off&#8221; button_one_letter_spacing__hover_enabled=&#8221;off&#8221; button_two_letter_spacing__hover_enabled=&#8221;off&#8221; button_one_bg_color__hover_enabled=&#8221;off&#8221; button_two_bg_color__hover_enabled=&#8221;off&#8221;][/et_pb_fullwidth_header][/et_pb_section][et_pb_section fb_built=&#8221;1&#8243; _builder_version=&#8221;4.16&#8243; global_colors_info=&#8221;{}&#8221;][et_pb_row _builder_version=&#8221;4.16&#8243; background_size=&#8221;initial&#8221; background_position=&#8221;top_left&#8221; background_repeat=&#8221;repeat&#8221; custom_padding=&#8221;|||0px||&#8221; global_colors_info=&#8221;{}&#8221;][et_pb_column type=&#8221;4_4&#8243; _builder_version=&#8221;4.16&#8243; custom_padding=&#8221;|||&#8221; global_colors_info=&#8221;{}&#8221; custom_padding__hover=&#8221;|||&#8221;][et_pb_text _builder_version=&#8221;4.16&#8243; background_size=&#8221;initial&#8221; background_position=&#8221;top_left&#8221; background_repeat=&#8221;repeat&#8221; global_colors_info=&#8221;{}&#8221;]</p>
<p><strong>Arbejdsdag i maj</strong></p>
<p>Dagen hvor vi i fællesskab får luget ud, malet, sorteret, smidt ud m.v. Dagen sluttes af med aftensmad lavet på bålet.</p>
<p><strong>Sommerfest sidste fredag i august</strong></p>
<p>Vores årlige sommerfest for alle børn og forældre på gården. I 2023 var vi ca. 400 personer. Vi starter med fællesspisning i laden, hvor alle har medbragt en ret til det store fælles buffetbord. Efter spisningen åbner alle boderne, hvor personalet er klar til at underholde store og små.</p>
<p><strong>Sponsorløb i september måned</strong></p>
<p>Sponsorløbet arrangeres af Støtteforeningen og består af en løberute gennem skoven, hvor man for hver løbet omgang kan ”løbe penge hjem” til Støtteforeningen og dermed Troelstrupgård.</p>
<p><strong>Valgaften i løbet af efteråret, typisk i september eller oktober</strong></p>
<p> Et udvidet forældremøde hvor der afholdes valg til forældrebestyrelsen.</p>
<p><strong>Adventslørdag afholdes lørdagen før 1. søndag i advent</strong></p>
<p>Adventslørdag er dagen hvor I som familie kan få skudt julen godt i gang med at støbe lys, lave juledekorationer, bage småkager og meget mere.</p>
<p><strong></strong></p>
<p><strong>Koloni</strong></p>
<p>Børnehaven tager på 3 dages koloni i september.</p>
<p> Frit/klub tager på skiferie i uge 7 og koloni i den sidste uge af skolesommerferien.</p>
<p>&nbsp;</p>
<p>&nbsp;</p>
<p>[/et_pb_text][/et_pb_column][/et_pb_row][/et_pb_section]</p>

<p>Arbejdsdag i maj Dagen hvor vi i fællesskab får luget ud, malet, sorteret, smidt ud m.v. Dagen sluttes af med aftensmad lavet på bålet. Sommerfest sidste fredag i august Vores årlige sommerfest for alle børn og forældre på gården. I 2023 var vi ca. 400 personer. Vi starter med fællesspisning i laden, hvor alle har [&hellip;]</p>
